3 + k + 4*k**z - 3*k**3 + k**3 + k**3. Calculate v(4).
7
Let b(g) be the third derivative of -g**6/120 - 3*g**5/20 - g**4/4 - 2*g**3 + 14*g**2 + 3. Calculate b(-8).
-28
Let a(b) = b**3 - 6*b**2 + 7*b - 10. Let u be a(5). Let q(v) = v + 6. Determine q(u).
6
Suppose 0 = 3*n - 13 + 7. Let h(f) = 4*f - 5 + 6*f**n + 7*f**2 - 11*f**2. Give h(-4).
11
Let u(r) = r + 2 - 2*r - 4. Let o(s) = 93*s + 189. Let d be o(-2). Determine u(d).
-5
Let m = 36 + -36. Suppose -2*z + 18 = 3*z + 2*x, m = -x - 1. Let l(k) = -3 + 2 - z + k**2 + 4 - 6*k. Give l(5).
-6
Let f(s) = -4*s - 1. Suppose -3*g + 0*l = -2*l + 5, -l = 5*g + 4. What is f(g)?
3
Let z(c) = 9*c**2 - 2 + 2*c + 0*c**2 - 5*c**2 + c**3. Let o be z(-2). Let l(q) = -4*q**3 - o*q**3 + 3 - 4 + 0*q - q. What is l(-1)?
6
Suppose 0 = -25*k - 344 + 69. Let w(j) = -2*j - 19. What is w(k)?
3
Let x(r) = r**2 - 3. Let f(i) = -4*i**2 - 5*i + 14. Let s(w) = f(w) + 5*x(w). Calculate s(7).
13
Let c = -11 + 21. Let u be (-35)/c - (-3)/(-6). Let k(g) = 2*g + 4. Determine k(u).
-4
Let p(v) = -v**2 + 7*v - 1. Let s(l) = -l + 25. Let h = 1 - -18. Let r be s(h). Determine p(r).
5
Let g be 9/(-6)*(-1 - 17). Suppose -4*b = -0*b - w - g, -3 = w. Let x(n) be the first derivative of n**3/3 - 7*n**2/2 + 8*n - 5546. Determine x(b).
2
Let f(h) be the second derivative of 5*h**3/2 - h**2 + 4*h - 11. Calculate f(3).
43
Let f(r) = -2*r - 22. Suppose -2*p - 26 = -m - 0*m, -2*p - 20 = 2*m. What is f(p)?
2
Suppose 0 = -3*s + 4*r - 8, 7 = 3*s + 4*r - 1. Let q(h) = -6 - h - 10*h + s*h + 7. What is q(1)?
-10
Let n(o) = 5*o**3 - 6*o**2 - 5. Let d(j) be the first derivative of 11*j**4/2 - 8*j**3 + j**2/2 - 20*j - 30. Let s(f) = 2*d(f) - 9*n(f). Give s(6).
17
Suppose 0 = -4*q + 4*v, 2*q - 3*v - 6 + 8 = 0. Let b(p) = -8*p - 1 + 8*p - q*p**2. Suppose -8*d - 11 = 3*d. Calculate b(d).
-3
Suppose 3*f + 1 = -0*f - 2*m, -3 = 4*f + m. Let k(g) = -16*g**2 + g. What is k(f)?
-17
Let l(m) = 3*m + 1. Let c(t) = -3 + 6*t - 3*t + 7 - 4*t. Let k be c(0). Let f be -3 + k/(-8)*-8. What is l(f)?
4
Let y(q) be the third derivative of -q**5/60 + q**4/4 - 7*q**3/2 + 19*q**2. Let f(a) be the first derivative of y(a). What is f(7)?
-8
Let t(q) = q**2 - 9*q + 17. Let y be t(14). Let r = y + -54. Let i = r - 27. Let j(p) = 2*p + 1. Calculate j(i).
13
Let r(j) = j**3 - 7*j**2 + 4*j + 6. Let p be r(6). Let n(f) be the first derivative of -1/4*f**4 + 5*f - 5/3*f**3 + 3*f**2 + 16. What is n(p)?
5
Suppose 5*n = m - 4*m - 23, -5*m - 33 = 3*n. Let p be m/(-1) - (-6)/(-3). Let l(c) = 0*c - p*c + c + 2*c. Calculate l(-4).
4
Let h(y) = 6*y - 4*y + y + 13 - 3*y + 3*y. Calculate h(-4).
1
Let z(f) = 2*f**3 + 6*f**2 + 6*f + 12. Let a(i) = 4*i**3 + 13*i**2 + 11*i + 23. Let y(n) = -4*a(n) + 7*z(n). Let s be y(-5). Let j(u) = -u + 1. Determine j(s).
-1
Let n(k) be the third derivative of -k**4/12 - 10*k**3/3 - 40*k**2 - 2*k. Give n(-13).
6
Let t(n) be the third derivative of n**5/60 + 5*n**4/24 + 5*n**2. Let k be t(-5). Suppose -5*o - 14 - 16 = k. Let z(m) = m + 5. Give z(o).
-1
Let v(j) = j + 1. Let k(a) = 7*a + 7. Let s(u) = -k(u) + 5*v(u). What is s(-1)?
0
Let a = 367 + -59. Let f be 14/91 - a/(-26). Let b(z) = -f*z + z**2 - 2 + 0 + 1 + 10*z. Calculate b(3).
2
Let f(x) = -x + 1. Let h be f(0). Suppose -h = -j + 1. Let p(l) = 0*l**j + 0*l**2 + l**2 + l**2. What is p(2)?
8
Let j(i) = i**2 - 2*i + 1. Let h(x) = 4*x**2 - 2*x + 1. Let r be h(1). Let c be 12*(r - (-1 + 3)). Suppose 0 = q - 5*q + c. Give j(q).
4
Let j(t) = -3*t**2 + 23*t - 43. Let l be j(2). Let p(u) = -u - 6. Give p(l).
3
Let t be ((6/3)/(-4))/(1/(-6)). Let g(f) = f**3 - 2*f**2 - 2*f - 6. Determine g(t).
-3
Let a(p) = p - 1. Let f = 11 - 1. Let s be (f/(-6))/((-4)/12). Let o(k) = k**2 - 6*k + 5. Let v(i) = s*a(i) + o(i). Determine v(3).
6
Let u(c) = -11 + 18 + 2*c - 3*c - 9. Let v(t) = -6*t**2 - 1. Let f be v(-1). Determine u(f).
5
Let g(s) be the first derivative of 7/3*s**3 + 5*s + 5/2*s**2 + 21 + 1/4*s**4. Give g(-6).
11
Let p(a) be the first derivative of -2*a**3/3 + 3*a + 1. Let o(r) be the first derivative of p(r). Let z be (-2)/((-42)/(-3))*-7. Determine o(z).
-4
Let w(n) be the third derivative of n**5/60 - 7*n**4/24 - n**3/3 + 2*n**2 + 2*n. Suppose 5*s - h = 40, 0 = 5*s - 3*s - 4*h - 34. Determine w(s).
-2
Suppose 2*d = 5 + 5. Let p(w) = 2*w - 5. Let l(g) = g - 2. Let f(i) = -5*l(i) + 2*p(i). Let q(m) = -2*m - 5. Let j(u) = 4*f(u) - q(u). Give j(d).
-5
Let r(g) = g**3 + 2*g**2 - g - 2. Suppose -2*o - 5*d - 4 = 0, -3*o - 3*d + 5 = 11. Give r(o).
0
Let p be 3*4/(-24)*2. Let l(m) = -6*m**2 + 2. Let y(w) = w + 1. Let o(t) = p*l(t) + 3*y(t). Calculate o(-2).
19
Suppose m - 2*x - 6 = -x, 10 = -5*x. Let f be 9 - 4/(5 - m). Let r(z) = 2 - 4*z + 0*z - f + 5. Determine r(2).
-6
Suppose -4*b = -0*b - 80. Suppose 3*n + 2*n - b = 0. Let o(c) = c - 3. Let d be o(n). Let x(s) = 4*s**3 - 2*s**2 + 1. Determine x(d).
3
Suppose 0*o = 3*o. Suppose 4*v + 5*t - 37 = -0*v, o = -3*v + t + 4. Let z(k) = 3*k - 1 + 5*k - 6*k - v*k. Calculate z(-5).
4
Let g(r) = 17*r + 10. Let b(u) = -14*u - 9. Let j(a) = 6*b(a) + 5*g(a). Calculate j(0).
-4
Let i(v) = v**3 - 4*v**2 - 4*v + 7. Let x = -2 - -2. Suppose -30 = -2*b - 5*h, -16*b + 21 = -15*b + 4*h. Suppose x = b*n - 4*n - 5. Calculate i(n).
12
Let t(z) = 5*z + 2*z - 11*z**2 + 4*z + 5 - 2*z**3 + 3*z**3. Calculate t(10).
15
Suppose -3*w = -h + 15, -3*w + 3*h - 15 = -h. Let j(v) = -v - 7. Let o(r) = r + 8. Let y(i) = w*j(i) - 4*o(i). Suppose 4*f - 37 + 25 = 0. Determine y(f).
6
Suppose 0 = -g + 4*i + 16, i + 3 + 4 = g. Suppose 15*p - 12*p - 21 = 0. Let j(t) = -11*t**2 + t**3 + p*t**2 - 2 - 3 + 1. Give j(g).
-4
Let z = -346 - -342. Let p(d) = d - 1. Let u(j) = 8*j. Let f(m) = m**2 - 2*m + 1. Let w be f(2). Let r(o) = w*u(o) - 5*p(o). Determine r(z).
-7
Let x = -37 - -43. Suppose x*g = 62 - 38. Let s(v) = v. Give s(g).
4
Let v(d) be the first derivative of 18 - 3*d - 2/3*d**3 - 2*d**2. What is v(-3)?
-9
Let v(j) be the third derivative of -j**5/60 - j**4/6 + j**3/6 - 153*j**2. Give v(-6).
-11
Let h(y) = -y**2 + 6*y + 16. Let i be h(8). Let b(u) = -u**2 - 2*u + 9. Determine b(i).
9
Let k(y) be the first derivative of y**2/2 + 6*y - 405. Give k(-13).
-7
Suppose -75 = -6*x - 15. Let c be x*(-4 + 7/2). Let w(t) = 3*t + 3. Calculate w(c).
-12
Let b(j) = -j - 3. Suppose 0 = -20*f - 3*f - 92. What is b(f)?
1
Let y(w) = w**3 - w**2 - 1. Let k(p) be the second derivative of -p**5/10 + 5*p**4/6 - 2*p**2 + 3*p. Let q(s) = -k(s) - 3*y(s). Calculate q(-7).
7
Suppose -2*y - 2*l = -0*y - 10, -y + 5*l = 13. Let h(u) = -7*u**2 + 1. Give h(y).
-27
Let r be ((-4)/36*-3)/((-3)/(-18)). Let u(q) = -3*q**2 - 3*q + 1. What is u(r)?
-17
Let j(s) = -11*s - 6. Let l = 404 - 408. Determine j(l).
38
Let d = 0 - -5. Let j(l) = 4*l**3 - 8*l**2 - 3 + d*l - l + 4*l**2. Determine j(2).
21
Let d(x) = 29*x + 237. Let p be d(-8). Let y(r) = -7*r**2 + 34*r + 2. Give y(p).
-3
Let i = 114 + -120. Let f(n) be the first derivative of n**2 + 5*n - 6. Give f(i).
-7
Let x(d) = d**3 - 3*d**2 - d - 5. Suppose 0 = 8*g + 10 - 42. What is x(g)?
7
Let h(y) = 4. Let w(d) = d**2 - 12*d + 10. Let f be w(12). Let t(p) = p + 9. Let l(u) = f*h(u) - 4*t(u). Give l(6).
-20
Let d(y) = -38*y**2 + 4. Let f(a) = 1 - 3 + 1 + 5*a**2 + 8*a**2. Let r(g) = -2*d(g) - 7*f(g). Calculate r(1).
-16
Let w(v) be the second derivative of -v**5/5 + v**4/12 + v**3/3 + v**2/2 - 7*v. Suppose -x + 3*h = 3 + 1, -4*x - 6 = -2*h. Determine w(x).
4
Let l(s) = s**2 + 2*s. Let m = 1177 + -1179. Determine l(m).
0
Suppose 56*b - 54*b - 16 = 0. Let f(m) = 2*m - 15. Give f(b).
1
Let p(l) = -3*l + 14. Let r be p(4). Let m be -1*r/(-10)*0. Let f(u) = u + 18. What is f(m)?
18
Let h(q) be the third derivative of q**6/120 - q**5/10 + q**4/12 - q**3/3 + 2*q**2 + 28*q. Calculate h(5).
-17
Let n = 58 + -53. Suppose 5*c - n = 6*c. Let j(p) = 6 - 2*p**2 + 3*p**2 - 6*p - 2*p**2. Give j(c).
11
Let d(o) = -2*o**2 + 38*o - 23. Let t be d(18). Suppose -3 = 2*w - t. Let g(j) = j**2 - 3*j - 6. Determine g(w).
4
Let y(b) = 44*b - 43*b - 2 - 3 + 2. Let v be -4 + (-4 - -8) - 3. Give y(v).
-6
Suppose 0 = -t + 2*v - 6, -3*t + 58*v - 63*v = -37. Let z(h) = 2*h - 13. Determine z(t).
-5
Suppose 30 = -5*k - 2*v, -23 = k + v - 14. Let t be (1/2)/(1/2). Let o(w) = -w - t + 1. Determine o(k).
4
Let g(k) be the secon